{"id":260,"date":"2020-08-04T07:36:40","date_gmt":"2020-08-04T06:36:40","guid":{"rendered":"https:\/\/rozhledy.jcmf.cz\/?page_id=260"},"modified":"2023-03-25T08:10:28","modified_gmt":"2023-03-25T07:10:28","slug":"rocnik-95-2020-cislo-2","status":"publish","type":"page","link":"https:\/\/rozhledy.jcmf.cz\/index.php\/archiv\/rocnik-95-2020-cislo-2\/","title":{"rendered":"Ro\u010dn\u00edk 95 (2020), \u010d\u00edslo 2"},"content":{"rendered":"\n<p><strong>OBSAH<\/strong><br><em>L. Sp\u00edchal: <\/em>Od \u0159et\u011bzovky k \u010d\u00edslu  <em>\u03c0<\/em>  <br><em>T. B\u00e1rtlov\u00e1: <\/em>P\u0159\u00edb\u011bh jedn\u00e9 konstanty<br><em>V. Vopravil:<\/em> Hry Nim<br><em>E. \u0160ubert: <\/em>V\u011bdeck\u00e9 z\u00e1sady kr\u00e1jen\u00ed dortu<br><em>K. Mudru\u0148ka: <\/em>\u0158e\u0161en\u00ed kvadratick\u00e9 rovnice odstartovalo projekt CSE-Lab<br><em>P. Pokorn\u00fd: <\/em>Pod jak\u00fdm \u00fahlem a z jak\u00e9 v\u00fd\u0161ku lze dost\u0159\u00edknout nejd\u00e1le<br><em>J. Bedn\u00e1\u0159, J. Kop\u00e1\u010dek, M. \u017d\u00e1k: <\/em>Vznik a slo\u017een\u00ed zemsk\u00e9 atmosf\u00e9ry &#8211; fyzika v \u0161ir\u0161\u00edch souvislostech<br><em>Z. Koupilov\u00e1, D. Mand\u00edkov\u00e1, M. Sn\u011btinov\u00e1: <\/em>Elektronick\u00e1 Sb\u00edrka \u0159e\u0161en\u00fdch \u00faloh z fyziky<br><em>T. Hanu\u0161ov\u00e1: <\/em>Den l\u00e9ka\u0159sk\u00fdm fyzikem<br><em>O. Nov\u00e1k: <\/em>Den reaktorov\u00fdm fyzikem<br>Nab\u00eddka dal\u0161\u00edch aktivit FJFI \u010cVUT<\/p>\n\n\n\n<p style=\"text-align:right\"> <a href=\"https:\/\/rozhledy.jcmf.cz\/wp-content\/uploads\/RMF-95-2.pdf\" target=\"_blank\" rel=\"noreferrer noopener\" aria-label=\" (otev\u0159e se na nov\u00e9 z\u00e1lo\u017ece)\">PDF verze ke sta\u017een\u00ed<\/a>   <\/p>\n","protected":false},"excerpt":{"rendered":"<p>OBSAHL. Sp\u00edchal: Od \u0159et\u011bzovky k \u010d\u00edslu \u03c0 T. B\u00e1rtlov\u00e1: P\u0159\u00edb\u011bh jedn\u00e9 konstantyV. Vopravil: Hry NimE. \u0160ubert: V\u011bdeck\u00e9 z\u00e1sady kr\u00e1jen\u00ed dortuK. Mudru\u0148ka: \u0158e\u0161en\u00ed kvadratick\u00e9 rovnice odstartovalo projekt CSE-LabP. Pokorn\u00fd: Pod jak\u00fdm \u00fahlem a z jak\u00e9 v\u00fd\u0161ku lze dost\u0159\u00edknout nejd\u00e1leJ. Bedn\u00e1\u0159, J. Kop\u00e1\u010dek, M. \u017d\u00e1k: Vznik a slo\u017een\u00ed zemsk\u00e9 atmosf\u00e9ry &#8211; fyzika v \u0161ir\u0161\u00edch souvislostechZ. Koupilov\u00e1, D. &hellip; <a href=\"https:\/\/rozhledy.jcmf.cz\/index.php\/archiv\/rocnik-95-2020-cislo-2\/\" class=\"more-link\">Pokra\u010dovat ve \u010dten\u00ed<span class=\"screen-reader-text\"> &#8222;Ro\u010dn\u00edk 95 (2020), \u010d\u00edslo 2&#8220;<\/span><\/a><\/p>\n","protected":false},"author":1,"featured_media":0,"parent":96,"menu_order":0,"comment_status":"closed","ping_status":"closed","template":"","meta":{"footnotes":""},"class_list":["post-260","page","type-page","status-publish","hentry"],"_links":{"self":[{"href":"https:\/\/rozhledy.jcmf.cz\/index.php\/wp-json\/wp\/v2\/pages\/260","targetHints":{"allow":["GET"]}}],"collection":[{"href":"https:\/\/rozhledy.jcmf.cz\/index.php\/wp-json\/wp\/v2\/pages"}],"about":[{"href":"https:\/\/rozhledy.jcmf.cz\/index.php\/wp-json\/wp\/v2\/types\/page"}],"author":[{"embeddable":true,"href":"https:\/\/rozhledy.jcmf.cz\/index.php\/wp-json\/wp\/v2\/users\/1"}],"replies":[{"embeddable":true,"href":"https:\/\/rozhledy.jcmf.cz\/index.php\/wp-json\/wp\/v2\/comments?post=260"}],"version-history":[{"count":5,"href":"https:\/\/rozhledy.jcmf.cz\/index.php\/wp-json\/wp\/v2\/pages\/260\/revisions"}],"predecessor-version":[{"id":532,"href":"https:\/\/rozhledy.jcmf.cz\/index.php\/wp-json\/wp\/v2\/pages\/260\/revisions\/532"}],"up":[{"embeddable":true,"href":"https:\/\/rozhledy.jcmf.cz\/index.php\/wp-json\/wp\/v2\/pages\/96"}],"wp:attachment":[{"href":"https:\/\/rozhledy.jcmf.cz\/index.php\/wp-json\/wp\/v2\/media?parent=260"}],"curies":[{"name":"wp","href":"https:\/\/api.w.org\/{rel}","templated":true}]}}