{"id":435,"date":"2022-12-12T14:56:10","date_gmt":"2022-12-12T13:56:10","guid":{"rendered":"https:\/\/rozhledy.jcmf.cz\/?page_id=435"},"modified":"2023-03-25T08:05:10","modified_gmt":"2023-03-25T07:05:10","slug":"rocnik-97-2022-cislo-3","status":"publish","type":"page","link":"https:\/\/rozhledy.jcmf.cz\/index.php\/archiv\/rocnik-97-2022-cislo-3\/","title":{"rendered":"Ro\u010dn\u00edk 97 (2022), \u010d\u00edslo 3"},"content":{"rendered":"\n<p><strong>OBSAH<\/strong><br><em>A. Kasalov\u00e1<\/em>: Konstrukce slov s konstantn\u00edmi mezerami<br><em>J. \u0158ada<\/em>: \u0158e\u0161en\u00ed kvadratick\u00e9 rovnice graficky<br> <em>A. Heroudkov\u00e1<\/em>: <em>p<\/em>-adick\u00e1 \u010d\u00edsla <br>Matematick\u00e9 o\u0159\u00ed\u0161ky: Po\u010det jedni\u010dek v \u010d\u00edslech od 1 do 1000<br><em>M. Pokorn\u00fd<\/em>: M\u011b\u0159en\u00ed Machova \u010d\u00edsla v okrajov\u00e9m plazmatu<br> tokamaku GOLEM<br><em>J. Kalov\u00e1<\/em>: Zn\u00e1me povrchov\u00e9 nap\u011bt\u00ed vody?<br><em>I. Kraus<\/em>: Co se fyzikov\u00e9 nau\u010dili od b\u00e1sn\u00edk\u016f<\/p>\n\n\n\n<p style=\"text-align:right\"><a href=\"https:\/\/rozhledy.jcmf.cz\/wp-content\/uploads\/RMF-97-3.pdf\" target=\"_blank\" rel=\"noreferrer noopener\" aria-label=\" (otev\u0159e se na nov\u00e9 z\u00e1lo\u017ece)\">PDF verze ke sta\u017een\u00ed<\/a> <\/p>\n","protected":false},"excerpt":{"rendered":"<p>OBSAHA. Kasalov\u00e1: Konstrukce slov s konstantn\u00edmi mezeramiJ. \u0158ada: \u0158e\u0161en\u00ed kvadratick\u00e9 rovnice graficky A. Heroudkov\u00e1: p-adick\u00e1 \u010d\u00edsla Matematick\u00e9 o\u0159\u00ed\u0161ky: Po\u010det jedni\u010dek v \u010d\u00edslech od 1 do 1000M. Pokorn\u00fd: M\u011b\u0159en\u00ed Machova \u010d\u00edsla v okrajov\u00e9m plazmatu tokamaku GOLEMJ. Kalov\u00e1: Zn\u00e1me povrchov\u00e9 nap\u011bt\u00ed vody?I. Kraus: Co se fyzikov\u00e9 nau\u010dili od b\u00e1sn\u00edk\u016f PDF verze ke sta\u017een\u00ed<\/p>\n","protected":false},"author":1,"featured_media":0,"parent":96,"menu_order":0,"comment_status":"closed","ping_status":"closed","template":"","meta":{"footnotes":""},"class_list":["post-435","page","type-page","status-publish","hentry"],"_links":{"self":[{"href":"https:\/\/rozhledy.jcmf.cz\/index.php\/wp-json\/wp\/v2\/pages\/435","targetHints":{"allow":["GET"]}}],"collection":[{"href":"https:\/\/rozhledy.jcmf.cz\/index.php\/wp-json\/wp\/v2\/pages"}],"about":[{"href":"https:\/\/rozhledy.jcmf.cz\/index.php\/wp-json\/wp\/v2\/types\/page"}],"author":[{"embeddable":true,"href":"https:\/\/rozhledy.jcmf.cz\/index.php\/wp-json\/wp\/v2\/users\/1"}],"replies":[{"embeddable":true,"href":"https:\/\/rozhledy.jcmf.cz\/index.php\/wp-json\/wp\/v2\/comments?post=435"}],"version-history":[{"count":3,"href":"https:\/\/rozhledy.jcmf.cz\/index.php\/wp-json\/wp\/v2\/pages\/435\/revisions"}],"predecessor-version":[{"id":523,"href":"https:\/\/rozhledy.jcmf.cz\/index.php\/wp-json\/wp\/v2\/pages\/435\/revisions\/523"}],"up":[{"embeddable":true,"href":"https:\/\/rozhledy.jcmf.cz\/index.php\/wp-json\/wp\/v2\/pages\/96"}],"wp:attachment":[{"href":"https:\/\/rozhledy.jcmf.cz\/index.php\/wp-json\/wp\/v2\/media?parent=435"}],"curies":[{"name":"wp","href":"https:\/\/api.w.org\/{rel}","templated":true}]}}