{"id":486,"date":"2023-03-24T17:33:26","date_gmt":"2023-03-24T16:33:26","guid":{"rendered":"https:\/\/rozhledy.jcmf.cz\/?page_id=486"},"modified":"2024-04-25T12:01:11","modified_gmt":"2024-04-25T11:01:11","slug":"rocnik-98-2023-cislo-1","status":"publish","type":"page","link":"https:\/\/rozhledy.jcmf.cz\/index.php\/archiv\/rocnik-98-2023-cislo-1\/","title":{"rendered":"Ro\u010dn\u00edk 98 (2023), \u010d\u00edslo 1"},"content":{"rendered":"\n<p><strong>OBSAH<\/strong><br><em>L\u2019. Dvo\u0159\u00e1kov\u00e1<\/em>: Slovo \u00favodem<br><em>V. \u010cer\u0148anov\u00e1<\/em>: Tri defin\u00edcie elipsy a ich n\u00e1zorn\u00e9 prepojenie<br><em>P. Pokorn\u00fd<\/em>: P\u0159el\u00e9v\u00e1n\u00ed vody mezi n\u00e1dobami, teorie graf\u016f  a modul\u00e1rn\u00ed aritmetika<br><em>M. Make\u0161ov\u00e1, M. Valentov\u00e1<\/em>: Pro\u010d si \u010ce\u0161i po\u0159izuj\u00ed sol\u00e1rn\u00ed panely?<br>Matematick\u00e9 o\u0159\u00ed\u0161ky: Nudn\u00fd profesor<br><em>P. Strachota: <\/em>Transformace obrazu do frekven\u010dn\u00ed oblasti a jejich aplikace<br><em>E. \u0160ubert<\/em>: Pro\u010d maj\u00ed hv\u011bzdy na fotografi\u00edch z Webbova vesm\u00edrn\u00e9ho teleskopu osm c\u00edp\u016f?<\/p>\n\n\n\n<p class=\"has-text-align-right\"><a href=\"https:\/\/rozhledy.jcmf.cz\/wp-content\/uploads\/RMF-98-1.pdf\" target=\"_blank\" rel=\"noreferrer noopener\" aria-label=\" (otev\u0159e se na nov\u00e9 z\u00e1lo\u017ece)\">PDF verze ke sta\u017een\u00ed<\/a><\/p>\n","protected":false},"excerpt":{"rendered":"<p>OBSAHL\u2019. Dvo\u0159\u00e1kov\u00e1: Slovo \u00favodemV. \u010cer\u0148anov\u00e1: Tri defin\u00edcie elipsy a ich n\u00e1zorn\u00e9 prepojenieP. Pokorn\u00fd: P\u0159el\u00e9v\u00e1n\u00ed vody mezi n\u00e1dobami, teorie graf\u016f a modul\u00e1rn\u00ed aritmetikaM. Make\u0161ov\u00e1, M. Valentov\u00e1: Pro\u010d si \u010ce\u0161i po\u0159izuj\u00ed sol\u00e1rn\u00ed panely?Matematick\u00e9 o\u0159\u00ed\u0161ky: Nudn\u00fd profesorP. Strachota: Transformace obrazu do frekven\u010dn\u00ed oblasti a jejich aplikaceE. \u0160ubert: Pro\u010d maj\u00ed hv\u011bzdy na fotografi\u00edch z Webbova vesm\u00edrn\u00e9ho teleskopu osm c\u00edp\u016f? &hellip; <a href=\"https:\/\/rozhledy.jcmf.cz\/index.php\/archiv\/rocnik-98-2023-cislo-1\/\" class=\"more-link\">Pokra\u010dovat ve \u010dten\u00ed<span class=\"screen-reader-text\"> &#8222;Ro\u010dn\u00edk 98 (2023), \u010d\u00edslo 1&#8220;<\/span><\/a><\/p>\n","protected":false},"author":1,"featured_media":0,"parent":96,"menu_order":0,"comment_status":"closed","ping_status":"closed","template":"","meta":{"footnotes":""},"class_list":["post-486","page","type-page","status-publish","hentry"],"_links":{"self":[{"href":"https:\/\/rozhledy.jcmf.cz\/index.php\/wp-json\/wp\/v2\/pages\/486","targetHints":{"allow":["GET"]}}],"collection":[{"href":"https:\/\/rozhledy.jcmf.cz\/index.php\/wp-json\/wp\/v2\/pages"}],"about":[{"href":"https:\/\/rozhledy.jcmf.cz\/index.php\/wp-json\/wp\/v2\/types\/page"}],"author":[{"embeddable":true,"href":"https:\/\/rozhledy.jcmf.cz\/index.php\/wp-json\/wp\/v2\/users\/1"}],"replies":[{"embeddable":true,"href":"https:\/\/rozhledy.jcmf.cz\/index.php\/wp-json\/wp\/v2\/comments?post=486"}],"version-history":[{"count":7,"href":"https:\/\/rozhledy.jcmf.cz\/index.php\/wp-json\/wp\/v2\/pages\/486\/revisions"}],"predecessor-version":[{"id":631,"href":"https:\/\/rozhledy.jcmf.cz\/index.php\/wp-json\/wp\/v2\/pages\/486\/revisions\/631"}],"up":[{"embeddable":true,"href":"https:\/\/rozhledy.jcmf.cz\/index.php\/wp-json\/wp\/v2\/pages\/96"}],"wp:attachment":[{"href":"https:\/\/rozhledy.jcmf.cz\/index.php\/wp-json\/wp\/v2\/media?parent=486"}],"curies":[{"name":"wp","href":"https:\/\/api.w.org\/{rel}","templated":true}]}}