{"id":638,"date":"2024-06-28T22:19:44","date_gmt":"2024-06-28T21:19:44","guid":{"rendered":"https:\/\/rozhledy.jcmf.cz\/?page_id=638"},"modified":"2024-06-28T22:19:44","modified_gmt":"2024-06-28T21:19:44","slug":"rocnik-99-2024-cislo-2","status":"publish","type":"page","link":"https:\/\/rozhledy.jcmf.cz\/index.php\/rocnik-99-2024-cislo-2\/","title":{"rendered":"Ro\u010dn\u00edk 99 (2024), \u010d\u00edslo 2"},"content":{"rendered":"\n<p><strong>OBSAH<\/strong><br><em>M. Ku\u010dera<\/em>: \u201eDev\u00edtkov\u00e1\u201c vlastnost prvo\u010d\u00edsel<br><em>J. Jekl<\/em>: Sudoku pohledem matematiky: Odmocnina z jedn\u00e9<br>a soustava rovnic<br><em>M. \u0160korpilov\u00e1<\/em>: Sudoku<br><em>V. Dlab<\/em>: Dva \u010dtverce \u010di obd\u00e9ln\u00edky v obecn\u00e9m troj\u00faheln\u00edku<br><em>L. Moudr\u00fd<\/em>: Pokr\u00fdvac\u00ed syst\u00e9my<br><em>K. Sedl\u00e1\u010dek<\/em>: Rozm\u011b\u0148ov\u00e1n\u00ed pen\u011bz pomoc\u00ed geometrie<br>Matematick\u00e9 o\u0159\u00ed\u0161ky: POP IT<br><em>D. Kurtin<\/em>: Prom\u011bnn\u00e9 hv\u011bzdy a v\u00fdznam po\u0159izov\u00e1n\u00ed jejich dat<br>amat\u00e9rsky<br><em>F. J\u00e1chim<\/em>: Robert Andrews Millikan (1868\u20131953) \u2013 stanovil hodnoty<br>dvou z\u00e1kladn\u00edch fyzik\u00e1ln\u00edch konstant<br><em>Z. \u0160\u00edr<\/em>: Ohl\u00e9dnut\u00ed za krajsk\u00fdmi koly Matematick\u00e9 olympi\u00e1dy v Praze<\/p>\n\n\n\n<p class=\"has-text-align-right\"><a href=\"http:\/\/rozhledy.jcmf.cz\/wp-content\/uploads\/RMF-99-2.pdf\" data-type=\"URL\" data-id=\"http:\/\/rozhledy.jcmf.cz\/wp-content\/uploads\/RMF-99-2.pdf\">PDF verze ke sta\u017een\u00ed<br><\/a><\/p>\n","protected":false},"excerpt":{"rendered":"<p>OBSAHM. Ku\u010dera: \u201eDev\u00edtkov\u00e1\u201c vlastnost prvo\u010d\u00edselJ. Jekl: Sudoku pohledem matematiky: Odmocnina z jedn\u00e9a soustava rovnicM. \u0160korpilov\u00e1: SudokuV. Dlab: Dva \u010dtverce \u010di obd\u00e9ln\u00edky v obecn\u00e9m troj\u00faheln\u00edkuL. Moudr\u00fd: Pokr\u00fdvac\u00ed syst\u00e9myK. Sedl\u00e1\u010dek: Rozm\u011b\u0148ov\u00e1n\u00ed pen\u011bz pomoc\u00ed geometrieMatematick\u00e9 o\u0159\u00ed\u0161ky: POP ITD. Kurtin: Prom\u011bnn\u00e9 hv\u011bzdy a v\u00fdznam po\u0159izov\u00e1n\u00ed jejich datamat\u00e9rskyF. J\u00e1chim: Robert Andrews Millikan (1868\u20131953) \u2013 stanovil hodnotydvou z\u00e1kladn\u00edch fyzik\u00e1ln\u00edch konstantZ. \u0160\u00edr: &hellip; <a href=\"https:\/\/rozhledy.jcmf.cz\/index.php\/rocnik-99-2024-cislo-2\/\" class=\"more-link\">Pokra\u010dovat ve \u010dten\u00ed<span class=\"screen-reader-text\"> &#8222;Ro\u010dn\u00edk 99 (2024), \u010d\u00edslo 2&#8220;<\/span><\/a><\/p>\n","protected":false},"author":1,"featured_media":0,"parent":0,"menu_order":0,"comment_status":"closed","ping_status":"closed","template":"","meta":{"footnotes":""},"class_list":["post-638","page","type-page","status-publish","hentry"],"_links":{"self":[{"href":"https:\/\/rozhledy.jcmf.cz\/index.php\/wp-json\/wp\/v2\/pages\/638","targetHints":{"allow":["GET"]}}],"collection":[{"href":"https:\/\/rozhledy.jcmf.cz\/index.php\/wp-json\/wp\/v2\/pages"}],"about":[{"href":"https:\/\/rozhledy.jcmf.cz\/index.php\/wp-json\/wp\/v2\/types\/page"}],"author":[{"embeddable":true,"href":"https:\/\/rozhledy.jcmf.cz\/index.php\/wp-json\/wp\/v2\/users\/1"}],"replies":[{"embeddable":true,"href":"https:\/\/rozhledy.jcmf.cz\/index.php\/wp-json\/wp\/v2\/comments?post=638"}],"version-history":[{"count":1,"href":"https:\/\/rozhledy.jcmf.cz\/index.php\/wp-json\/wp\/v2\/pages\/638\/revisions"}],"predecessor-version":[{"id":639,"href":"https:\/\/rozhledy.jcmf.cz\/index.php\/wp-json\/wp\/v2\/pages\/638\/revisions\/639"}],"wp:attachment":[{"href":"https:\/\/rozhledy.jcmf.cz\/index.php\/wp-json\/wp\/v2\/media?parent=638"}],"curies":[{"name":"wp","href":"https:\/\/api.w.org\/{rel}","templated":true}]}}