{"id":689,"date":"2025-03-30T22:26:13","date_gmt":"2025-03-30T21:26:13","guid":{"rendered":"https:\/\/rozhledy.jcmf.cz\/?page_id=689"},"modified":"2026-03-29T21:49:05","modified_gmt":"2026-03-29T20:49:05","slug":"rocnik-101-2026-cislo-1","status":"publish","type":"page","link":"https:\/\/rozhledy.jcmf.cz\/index.php\/rocnik-101-2026-cislo-1\/","title":{"rendered":"Ro\u010dn\u00edk 101 (2026), \u010d\u00edslo 1"},"content":{"rendered":"\n<p><strong>OBSAH<\/strong><br><em>V. Dlab<\/em>: N\u011bkolik slov k zobecn\u011bn\u00ed, a tedy porozum\u011bn\u00ed,<br>Pythagorov\u011b v\u011bt\u011b <br><em>M. \u0160korpilov\u00e1<\/em>: Anguli per animalia<br><em>L. Sp\u00edchal<\/em>: \u0158e\u0161en\u00ed extrem\u00e1ln\u00edch \u00faloh podle Fermata<br>Matematick\u00e9 o\u0159\u00ed\u0161ky: Sou\u010det prvo\u010d\u00edsel<br><em>P. Pokorn\u00fd<\/em>: Pr\u016fm\u011brn\u00e1 rychlost nerovnom\u011brn\u00e9ho pohybu <br><em>L. \u0160l\u00e9grov\u00e1, J. \u0160l\u00e9gr<\/em>: V\u011bda vs. konspirace: M\u00e1 v\u016fbec smysl<br>diskutovat?<br><em>F. Hlo\u017eek<\/em>: Astrofotografie s chytr\u00fdm telefonem<br><em>\u013d. Dvo\u0159\u00e1kov\u00e1, J. Vyb\u00edral<\/em>: Matematika pro \u017eivot 2026 <br><em>K. Mat\u011bjkov\u00e1<\/em>: Dvacet let Fyzikl\u00e1n\u00ed \u2013 z jedn\u00e9 posluch\u00e1rny<br>na sv\u011btovou sout\u011b\u017e <br><em>V. Kraj\u010dov\u00e1<\/em>: T\u00fdden v\u011bdy na Jaderce \u2013 t\u00fdden, kter\u00fd t\u011b vt\u00e1hne<br>do sv\u011bta skute\u010dn\u00e9 v\u011bdy <\/p>\n\n\n\n<p class=\"has-text-align-right\"><a href=\"http:\/\/rozhledy.jcmf.cz\/wp-content\/uploads\/RMF-101-1.pdf\" data-type=\"URL\" data-id=\"http:\/\/rozhledy.jcmf.cz\/wp-content\/uploads\/RMF-100-1.pdf\">PDF verze ke sta\u017een\u00ed<\/a><\/p>\n","protected":false},"excerpt":{"rendered":"<p>OBSAHV. Dlab: N\u011bkolik slov k zobecn\u011bn\u00ed, a tedy porozum\u011bn\u00ed,Pythagorov\u011b v\u011bt\u011b M. \u0160korpilov\u00e1: Anguli per animaliaL. Sp\u00edchal: \u0158e\u0161en\u00ed extrem\u00e1ln\u00edch \u00faloh podle FermataMatematick\u00e9 o\u0159\u00ed\u0161ky: Sou\u010det prvo\u010d\u00edselP. Pokorn\u00fd: Pr\u016fm\u011brn\u00e1 rychlost nerovnom\u011brn\u00e9ho pohybu L. \u0160l\u00e9grov\u00e1, J. \u0160l\u00e9gr: V\u011bda vs. konspirace: M\u00e1 v\u016fbec smysldiskutovat?F. Hlo\u017eek: Astrofotografie s chytr\u00fdm telefonem\u013d. Dvo\u0159\u00e1kov\u00e1, J. Vyb\u00edral: Matematika pro \u017eivot 2026 K. Mat\u011bjkov\u00e1: Dvacet let &hellip; <a href=\"https:\/\/rozhledy.jcmf.cz\/index.php\/rocnik-101-2026-cislo-1\/\" class=\"more-link\">Pokra\u010dovat ve \u010dten\u00ed<span class=\"screen-reader-text\"> &#8222;Ro\u010dn\u00edk 101 (2026), \u010d\u00edslo 1&#8220;<\/span><\/a><\/p>\n","protected":false},"author":1,"featured_media":0,"parent":0,"menu_order":0,"comment_status":"closed","ping_status":"closed","template":"","meta":{"footnotes":""},"class_list":["post-689","page","type-page","status-publish","hentry"],"_links":{"self":[{"href":"https:\/\/rozhledy.jcmf.cz\/index.php\/wp-json\/wp\/v2\/pages\/689","targetHints":{"allow":["GET"]}}],"collection":[{"href":"https:\/\/rozhledy.jcmf.cz\/index.php\/wp-json\/wp\/v2\/pages"}],"about":[{"href":"https:\/\/rozhledy.jcmf.cz\/index.php\/wp-json\/wp\/v2\/types\/page"}],"author":[{"embeddable":true,"href":"https:\/\/rozhledy.jcmf.cz\/index.php\/wp-json\/wp\/v2\/users\/1"}],"replies":[{"embeddable":true,"href":"https:\/\/rozhledy.jcmf.cz\/index.php\/wp-json\/wp\/v2\/comments?post=689"}],"version-history":[{"count":4,"href":"https:\/\/rozhledy.jcmf.cz\/index.php\/wp-json\/wp\/v2\/pages\/689\/revisions"}],"predecessor-version":[{"id":796,"href":"https:\/\/rozhledy.jcmf.cz\/index.php\/wp-json\/wp\/v2\/pages\/689\/revisions\/796"}],"wp:attachment":[{"href":"https:\/\/rozhledy.jcmf.cz\/index.php\/wp-json\/wp\/v2\/media?parent=689"}],"curies":[{"name":"wp","href":"https:\/\/api.w.org\/{rel}","templated":true}]}}