{"id":733,"date":"2025-07-01T07:57:12","date_gmt":"2025-07-01T06:57:12","guid":{"rendered":"https:\/\/rozhledy.jcmf.cz\/?page_id=733"},"modified":"2025-07-02T07:14:30","modified_gmt":"2025-07-02T06:14:30","slug":"rocnik-100-2025-cislo-2","status":"publish","type":"page","link":"https:\/\/rozhledy.jcmf.cz\/index.php\/rocnik-100-2025-cislo-2\/","title":{"rendered":"Ro\u010dn\u00edk 100 (2025), \u010d\u00edslo 2"},"content":{"rendered":"\n<p><strong>OBSAH<\/strong><\/p>\n\n\n\n<p><em>L. Sp\u00edchal<\/em>: Nekone\u010dn\u00e9 sou\u010diny, p\u011bti\u00faheln\u00edk, zlat\u00fd \u0159ez a \u010d\u00edslo p\u00ed<br><em>T. Krej\u010d\u00ed<\/em>: D\u011blitelnost pro kone\u010dn\u00e1 zobrazen\u00ed<br><em>M. Klou\u010dek<\/em>: Rubikova kostka, jak ji nezn\u00e1te <br><em>V. Dlab<\/em>: Towards understanding of Napoleon\u2019s theorem:<br>Complex numbers are the key<br>Matematick\u00e9 o\u0159\u00ed\u0161ky: Pravd\u011bpodobnost zaokrouhlen\u00fdch p\u0159evr\u00e1cen\u00fdch<br>hodnot<br><em>V. Wagner<\/em>: Co n\u00e1m \u0159\u00edk\u00e1 Ciolkovsk\u00e9ho rovnice o mezihv\u011bzdn\u00fdch<br>letech? <br><em>L. \u0160l\u00e9grov\u00e1, J. \u0160l\u00e9gr<\/em>: V\u011bda vs. konspirace: Ot\u00e1zka falzifikovatelnosti<br><em>M. R\u016f\u017eek<\/em>: Co kdybychom se v\u0161ichni pohybovali v medu?<br><em>\u013d. Dvo\u0159\u00e1kov\u00e1<\/em>: Oslavy 100. ro\u010dn\u00edku Rozhled\u016f<\/p>\n\n\n\n<p class=\"has-text-align-right\">                                                                                                                          <a href=\"http:\/\/rozhledy.jcmf.cz\/wp-content\/uploads\/RMF-100-2.pdf\" data-type=\"URL\" data-id=\"http:\/\/rozhledy.jcmf.cz\/wp-content\/uploads\/RMF-100-1.pdf\">PDF verze ke sta\u017een\u00ed<\/a><\/p>\n","protected":false},"excerpt":{"rendered":"<p>OBSAH L. Sp\u00edchal: Nekone\u010dn\u00e9 sou\u010diny, p\u011bti\u00faheln\u00edk, zlat\u00fd \u0159ez a \u010d\u00edslo p\u00edT. Krej\u010d\u00ed: D\u011blitelnost pro kone\u010dn\u00e1 zobrazen\u00edM. Klou\u010dek: Rubikova kostka, jak ji nezn\u00e1te V. Dlab: Towards understanding of Napoleon\u2019s theorem:Complex numbers are the keyMatematick\u00e9 o\u0159\u00ed\u0161ky: Pravd\u011bpodobnost zaokrouhlen\u00fdch p\u0159evr\u00e1cen\u00fdchhodnotV. Wagner: Co n\u00e1m \u0159\u00edk\u00e1 Ciolkovsk\u00e9ho rovnice o mezihv\u011bzdn\u00fdchletech? L. \u0160l\u00e9grov\u00e1, J. \u0160l\u00e9gr: V\u011bda vs. konspirace: Ot\u00e1zka falzifikovatelnostiM. R\u016f\u017eek: &hellip; <a href=\"https:\/\/rozhledy.jcmf.cz\/index.php\/rocnik-100-2025-cislo-2\/\" class=\"more-link\">Pokra\u010dovat ve \u010dten\u00ed<span class=\"screen-reader-text\"> &#8222;Ro\u010dn\u00edk 100 (2025), \u010d\u00edslo 2&#8220;<\/span><\/a><\/p>\n","protected":false},"author":1,"featured_media":0,"parent":0,"menu_order":0,"comment_status":"closed","ping_status":"closed","template":"","meta":{"footnotes":""},"class_list":["post-733","page","type-page","status-publish","hentry"],"_links":{"self":[{"href":"https:\/\/rozhledy.jcmf.cz\/index.php\/wp-json\/wp\/v2\/pages\/733","targetHints":{"allow":["GET"]}}],"collection":[{"href":"https:\/\/rozhledy.jcmf.cz\/index.php\/wp-json\/wp\/v2\/pages"}],"about":[{"href":"https:\/\/rozhledy.jcmf.cz\/index.php\/wp-json\/wp\/v2\/types\/page"}],"author":[{"embeddable":true,"href":"https:\/\/rozhledy.jcmf.cz\/index.php\/wp-json\/wp\/v2\/users\/1"}],"replies":[{"embeddable":true,"href":"https:\/\/rozhledy.jcmf.cz\/index.php\/wp-json\/wp\/v2\/comments?post=733"}],"version-history":[{"count":3,"href":"https:\/\/rozhledy.jcmf.cz\/index.php\/wp-json\/wp\/v2\/pages\/733\/revisions"}],"predecessor-version":[{"id":740,"href":"https:\/\/rozhledy.jcmf.cz\/index.php\/wp-json\/wp\/v2\/pages\/733\/revisions\/740"}],"wp:attachment":[{"href":"https:\/\/rozhledy.jcmf.cz\/index.php\/wp-json\/wp\/v2\/media?parent=733"}],"curies":[{"name":"wp","href":"https:\/\/api.w.org\/{rel}","templated":true}]}}