{"id":762,"date":"2025-12-31T13:22:45","date_gmt":"2025-12-31T12:22:45","guid":{"rendered":"https:\/\/rozhledy.jcmf.cz\/?page_id=762"},"modified":"2025-12-31T13:42:01","modified_gmt":"2025-12-31T12:42:01","slug":"rocnik-100-2025-cislo-3","status":"publish","type":"page","link":"https:\/\/rozhledy.jcmf.cz\/index.php\/rocnik-100-2025-cislo-3\/","title":{"rendered":"Ro\u010dn\u00edk 100 (2025), \u010d\u00edslo 3"},"content":{"rendered":"\n<p><em>M. Ku\u010dera<\/em>: Eulerova\u2013Mascheroniho konstanta a zaokrouhlov\u00e1n\u00ed<br>p\u0159evr\u00e1cen\u00fdch hodnot<br><em>M. \u0160korpilov\u00e1<\/em>: Paprskov\u00e9 n-\u00faheln\u00edky<br><em>M. Agh<\/em>: V srdci polynom\u016f \u2013 Hornerovo sch\u00e9ma<br>Matematick\u00e9 o\u0159\u00ed\u0161ky: Hr\u00e1tky s d\u011blitelnost\u00ed<br><em>Z. Mo\u0161na<\/em>: Pol\u00e1rn\u00ed z\u00e1\u0159e v historick\u00fdch p\u00edsemn\u00fdch z\u00e1znamech<br><em>I. Kraus<\/em>: V pra\u017esk\u00e9 Husov\u011b ulici \u010d. 5 se da\u0159ilo exaktn\u00edm v\u011bd\u00e1m<br><em>J. Herzig<\/em>: Projekt Zva\u017e v\u011bdu!<br><em>Z. Janout<\/em>: Recenze knihy I. Krause \u010cesk\u00e1 stopa v d\u011bjin\u00e1ch fyziky<\/p>\n\n\n\n<p class=\"has-text-align-right\"><a href=\"http:\/\/rozhledy.jcmf.cz\/wp-content\/uploads\/RMF-100-3.pdf\" data-type=\"URL\" data-id=\"http:\/\/rozhledy.jcmf.cz\/wp-content\/uploads\/RMF-100-1.pdf\">PDF verze ke sta\u017een\u00ed<\/a><\/p>\n","protected":false},"excerpt":{"rendered":"<p>M. Ku\u010dera: Eulerova\u2013Mascheroniho konstanta a zaokrouhlov\u00e1n\u00edp\u0159evr\u00e1cen\u00fdch hodnotM. \u0160korpilov\u00e1: Paprskov\u00e9 n-\u00faheln\u00edkyM. Agh: V srdci polynom\u016f \u2013 Hornerovo sch\u00e9maMatematick\u00e9 o\u0159\u00ed\u0161ky: Hr\u00e1tky s d\u011blitelnost\u00edZ. Mo\u0161na: Pol\u00e1rn\u00ed z\u00e1\u0159e v historick\u00fdch p\u00edsemn\u00fdch z\u00e1znamechI. Kraus: V pra\u017esk\u00e9 Husov\u011b ulici \u010d. 5 se da\u0159ilo exaktn\u00edm v\u011bd\u00e1mJ. Herzig: Projekt Zva\u017e v\u011bdu!Z. Janout: Recenze knihy I. Krause \u010cesk\u00e1 stopa v d\u011bjin\u00e1ch fyziky PDF verze &hellip; <a href=\"https:\/\/rozhledy.jcmf.cz\/index.php\/rocnik-100-2025-cislo-3\/\" class=\"more-link\">Pokra\u010dovat ve \u010dten\u00ed<span class=\"screen-reader-text\"> &#8222;Ro\u010dn\u00edk 100 (2025), \u010d\u00edslo 3&#8220;<\/span><\/a><\/p>\n","protected":false},"author":1,"featured_media":0,"parent":0,"menu_order":0,"comment_status":"closed","ping_status":"closed","template":"","meta":{"footnotes":""},"class_list":["post-762","page","type-page","status-publish","hentry"],"_links":{"self":[{"href":"https:\/\/rozhledy.jcmf.cz\/index.php\/wp-json\/wp\/v2\/pages\/762","targetHints":{"allow":["GET"]}}],"collection":[{"href":"https:\/\/rozhledy.jcmf.cz\/index.php\/wp-json\/wp\/v2\/pages"}],"about":[{"href":"https:\/\/rozhledy.jcmf.cz\/index.php\/wp-json\/wp\/v2\/types\/page"}],"author":[{"embeddable":true,"href":"https:\/\/rozhledy.jcmf.cz\/index.php\/wp-json\/wp\/v2\/users\/1"}],"replies":[{"embeddable":true,"href":"https:\/\/rozhledy.jcmf.cz\/index.php\/wp-json\/wp\/v2\/comments?post=762"}],"version-history":[{"count":2,"href":"https:\/\/rozhledy.jcmf.cz\/index.php\/wp-json\/wp\/v2\/pages\/762\/revisions"}],"predecessor-version":[{"id":768,"href":"https:\/\/rozhledy.jcmf.cz\/index.php\/wp-json\/wp\/v2\/pages\/762\/revisions\/768"}],"wp:attachment":[{"href":"https:\/\/rozhledy.jcmf.cz\/index.php\/wp-json\/wp\/v2\/media?parent=762"}],"curies":[{"name":"wp","href":"https:\/\/api.w.org\/{rel}","templated":true}]}}